+ 5*o + 229 = 0. Suppose -3*f + f = -r. Suppose f*l + 10 = 33*l. Let q(a) = a + 2. Give q(l).
4
Let m = -35423 - -35417. Let p(q) = -q**2. Let i(c) = -2*c**2 + 2*c - 1. Let s(l) = i(l) - 3*p(l). Determine s(m).
23
Let u = 13 - -6. Let l = u + -19. Suppose -3*c + 6*c = l. Let v(t) = -t**3 - t**2 - t + 1. Determine v(c).
1
Let u(w) = -w + 4. Suppose 2*y + 366 = -348. Let h = 362 + y. Give u(h).
-1
Let t(w) = -200*w + 6193. Let s be t(31). Let q(f) = -f**3 - 7*f**2 - 2*f - 26. What is q(s)?
-12
Let d(w) = 3*w**2 + 2*w - 6. Let x = -1603 - -1600. Calculate d(x).
15
Let y = -12257 - -12266. Let r(i) be the first derivative of -3*i**2/2 + 22*i - 3. What is r(y)?
-5
Suppose 32*u = 64*u + 224. Let t(g) = g**2 + 9*g + 16. What is t(u)?
2
Let x(r) = 3*r + 14. Suppose -5*s = 15, -k = 34*s - 30*s + 16. Let z(d) = -d - 4. Let v(l) = k*x(l) - 11*z(l). Calculate v(-11).
-1
Let a = 1 + -3. Let v(o) = -o**2 - o - 1. Let x(s) = -s**2 - 4*s. Let k(z) = a*v(z) + x(z). Let j = 3693 - 3691. Calculate k(j).
2
Suppose 4*x - 3*f + 705 = -1468, f - 2167 = 4*x. Let o = x + 539. Let q(j) = -21*j - 1. Determine q(o).
41
Let l be (4 + -6)*-1 + 53. Suppose -2*q = -q, -5*j = q + l. Let n(c) = -c - 10. Determine n(j).
1
Suppose -5*r - 3*o - 10 = 0, -2*r + 2*o - 8 = 4*o. Let n(a) = 17*a**2 - 8. Let d(w) = -11*w**2 + 5. Let k(x) = -5*d(x) - 3*n(x). Determine k(r).
3
Let g(y) = 9*y - 178. Let q be g(20). Let r be (-8)/q - -4 - -19 - -2. Let x(k) = -k**2 + 22*k - 20. Calculate x(r).
1
Let j = 34 + -32. Suppose 0 = -j*f + 6. Let q(v) = -v**2 - 2*v + 2. Give q(f).
-13
Let q(g) = g**3 - 2*g + g**2 - g**3 + 2*g**2 - g**3. Let t be q(2). Let z(d) = d**2 + 4*d. Let l(u) = -2*u**2 - 6*u. Let k(c) = 2*l(c) + 3*z(c). Determine k(t).
0
Let b(j) = -58*j**2 - 3*j + 59. Let u(k) = k**3 - 8*k**2 - 3*k. Let z(p) = -b(p) + 2*u(p). Give z(-21).
4
Let v(j) = j**3 - 13*j**2 - 32*j + 4. Let i be ((-8)/(72/27))/((-8)/40). What is v(i)?
-26
Suppose -26*c + 12 = -28*c. Let s(p) = 37*p**2 - 50*p. Let a(m) = 18*m**2 - 23*m. Let g(j) = c*s(j) + 13*a(j). Determine g(1).
13
Suppose 4*q = -5*f + 229, 2*q - 7*f + 8*f - 113 = 0. Let p = q + -53. Let x(t) be the second derivative of -t**4/12 - t**3/6 + t**2 - 2*t. Calculate x(p).
-10
Let a(d) = 82*d**2 - 113*d - 11. Let j(f) = -18*f**2 + 28*f + 3. Let w(o) = 2*a(o) + 9*j(o). Calculate w(-14).
33
Suppose -l - 4 = -1, x - 2*l - 2020 = 0. Let a(b) = -2015*b - 13 - x*b + 4028*b. Calculate a(-6).
-7
Let d(g) = 6*g + 100. Let i be 8*((3/2)/((-21)/56))/2. What is d(i)?
4
Let x(k) = k + 1314*k**2 + 13 + 927*k**2 - 2242*k**2. Give x(12).
-119
Let m(q) = -2*q**3 + 61*q - 45591*q**2 + q**3 - 39 + 45619*q**2. Calculate m(30).
-9
Suppose 24*k - 14*k - 40 = 0. Suppose -k*u + 2*u + 6 = 0, u - 11 = -4*z. Let h(c) = -c**3 + 3*c**2 + 3. What is h(z)?
7
Let s(u) be the second derivative of u**4/12 - u**3/6 + 8*u**2 - 41*u. Let l = -83 + 83. Suppose -5*p + 3*p = l. Determine s(p).
16
Let j(b) = 52*b**2 + 491*b - 3183. Let l(q) = 5*q**2 + 49*q - 318. Let p(f) = -2*j(f) + 21*l(f). Give p(6).
6
Let r(j) = -j + 38. Let x be r(-19). Let l = 47 - x. Let w(m) = -m - 8. Give w(l).
2
Let v be (-18)/45*-20 - (5 - 2). Let x(o) = v - 7*o + 12 + 10 - 29. Give x(-3).
19
Let m(n) = 8*n**2 - 15*n + 18. Let w(d) = -d + 3. Let b(t) = m(t) - 7*w(t). Calculate b(2).
13
Let k(f) = 0 + 3*f - 6 + 2*f - 7*f. Let m be k(-4). Let g(d) = d - 1 + 7*d**2 - m*d + d. Calculate g(1).
6
Suppose 19 = y - 3*k, 2*y - 38 = -k + 6*k. Let h(z) = 3*z**3 - 58*z**2 + 20*z - 21. Let m be h(y). Let r(s) = 4*s**3 + 4*s**2 + 3*s + 1. Give r(m).
-21
Let b = 44 - 30. Let y be (4 - 7)*b/(-6). Suppose 2*k = y*k - 0*k. Let w(t) = -t - 8. What is w(k)?
-8
Let v(w) be the second derivative of -w**5/10 - 7*w**4/6 + w**3/3 + 11*w**2/2 + w. Let y be v(-7). Let b(x) = -17*x**2 - 1 - 2*x + 18*x**2 + 0. Calculate b(y).
14
Let w be ((-21)/6)/((-45)/(-90)). Let b(x) be the third derivative of x**4/24 - 7*x**3/6 - 5*x**2. Give b(w).
-14
Let t be 0 - -6 - 6/2. Suppose 29 - 17 = t*s. Let r(c) = -s + 17*c + 14*c - 48*c + 19*c. Calculate r(3).
2
Let t(d) = 2*d**3 - 53*d**2 + 32*d - 151. Let b(i) = -3*i**2 + 7*i + 774. Let k be b(17). Determine t(k).
5
Let f(g) = 72 + 78*g - 127 + 89 - 355. Calculate f(4).
-9
Let v(d) = 10*d - 19. Let j be v(5). Let b = j + -69. Let t = b - -41. Let p(u) = u**3 - 4*u**2 + u + 1. What is p(t)?
-5
Let z(i) = -43*i - 340. Let m(k) = -108*k - 856. Let a(t) = 11*m(t) - 28*z(t). What is a(-8)?
-24
Suppose -30 = 5*g + a - 11, 0 = -4*g + 5*a - 21. Let z(t) = 5*t**2 - 2*t + 7. Calculate z(g).
95
Suppose -2*m - 16 = -2*p, 6 = -4*m - 5*p + 10. Let q(j) = -9*j + 12. Let n be q(m). Let d(w) = 14*w**2 - 7 + 21*w**2 + 14*w**2 - n*w**2 + 5*w. Give d(-6).
-1
Let k = 447 - 448. Let n(p) = 28*p - 2. Give n(k).
-30
Let q = -47 - -59. Let h = q - -1. Let n = h - 20. Let t(y) = y**2 + 6*y - 6. What is t(n)?
1
Let h be (-7)/((-42)/12) - -459. Let l = h + -465. Let n(k) be the second derivative of -k**5/20 - k**4/4 + k**3 + 5*k**2/2 + k. Determine n(l).
-3
Let o(q) = -5*q**2 + 18*q - 3. Suppose 118*r - 1112 = -160*r. Determine o(r).
-11
Let h(o) = -8*o + 31. Let i(a) = -24*a + 89. Let b(f) = -7*h(f) + 2*i(f). Give b(7).
17
Let x(b) be the second derivative of -b**3 - 3/2*b**2 + 6*b + 0. Suppose -k - 22 = -5*a, a - 3 = -k - 1. Give x(k).
9
Let d(f) = f**3 - 9*f**2 - 10*f + 6. Suppose 322*o = 349*o - 243. Calculate d(o).
-84
Suppose -4*z - 36 = -7*z. Suppose 4 = -4*i - z. Let d(m) = m + 4*m - 509*m**2 + 510*m**2. What is d(i)?
-4
Suppose 0 = -2*p - 8 - 4. Let k be 6*2/(-4) + 6. Let c(r) = -2*r + k*r + 13 + 0*r + 0*r. Determine c(p).
7
Let f(w) = 3 + 10*w + 0 + 4*w. Suppose -y - c - 5 = 3*y, 2 = 2*y + 2*c. Give f(y).
-25
Let v(n) = -n**2 - 8*n + 4. Suppose 3*m = d - 12, 5*d = -122*m + 125*m. What is v(m)?
19
Let c(d) = -3*d + 9. Let u(p) = p - 1. Let s(m) = -c(m) - 4*u(m). Suppose 120*a = 95*a - 100. Let n(z) = z + 6. Let o(t) = a*n(t) - 5*s(t). Give o(2).
3
Suppose 2*m - 26 = -3*j - 0*j, 4*j - 4*m = 28. Suppose 3*l + 5*u = j*u + 9, -3*l + 14 = -4*u. Let c(y) = 7*y**2 + 2*y - 2. Give c(l).
22
Let h(v) = v**2 + 9*v + 13. Let m(k) = -k. Let x(u) = -h(u) - m(u). Let o be x(-4). Let s(r) = 6 - 4*r**2 - r**o + 19*r - 4 - 20*r. Determine s(-3).
-4
Let b(n) be the second derivative of 5*n**4/12 - 23*n**3/6 - 4*n**2 - 2496*n. Give b(5).
2
Suppose 0 = -200*w + 1525 - 125. Let i(q) = -q**2 - 13*q + 141. What is i(w)?
1
Let o(r) = 10*r + 6. Let p(x) = 1. Let z be 14/8 - (-5 + (-92)/(-16)). Let t(i) = z*o(i) - 5*p(i). Determine t(1).
11
Let n(m) be the second derivative of -m**3/6 + 2*m**2 - 36*m. Let o be (2 + 1)/((-48)/(-14) + -3). What is n(o)?
-3
Let t(f) be the first derivative of -f**4/2 + 2*f**3/3 - f**2/2 + f - 717. Suppose -2*q + 7 = -3*p, 3*q + 5*p = -2*q + 5. Give t(q).
-9
Let c(i) be the first derivative of -i**4/2 - 25*i**3/3 - 6*i**2 + i - 2. Let h be c(-12). Let g(l) = 6*l. Give g(h).
6
Let i = 126 + -128. Let k be (-2)/(-3)*-6 - i. Let j(x) = -2*x**3 - 2*x**2 - 2*x - 2. Determine j(k).
10
Let r = 11 - 37. Let w = -11 - r. Let a(f) = 15*f - 6 - 9 + w. Determine a(-1).
-15
Let l = 37 - 38. Let a(h) = -18*h + 18. Let k(o) = o - 1. Let u(q) = l*a(q) - 15*k(q). What is u(-4)?
-15
Let x(p) = -1 - 14*p**3 - 3 + 4*p**2 + 13*p**3. What is x(3)?
5
Let j(m) = -110*m + 65 - 18*m - 69 - 100 + 103*m. What is j(-4)?
-4
Let n(i) be the second derivative of i**3/2 + 55*i**2/2 + i - 579. Calculate n(-11).
22
Let o(z) = z - 1. Suppose -4*f - g + 0*g = -47, -5*g = 4*f - 59. Suppose 12*y - 4 = f*y. Give o(y).
3
Let g = 299 + -475. Let z = -173 - g. Let d(o) = 2*o - 1. Calculate d(z).
5
Let p(c) = c**2 + 8*c - 16. Let u be p(-12). Let i = 42 - u. Suppose -22 = i*v - 8*v. Let m(g) = -g**2 - 12*g - 6. Give m(v).
5
Let q(j) be the second derivative of 5/6*j**3 + 0*j**2 + 1/12*j**4 - 24*j + 0. Calculate q(-6).
6
Suppose -z - z - 6 = 0. Let x(b) = 4*b**3 - 7*b**2 - 2*b - 4. Let j(w) = 5*w**3 - 8*w**2 - 3*w - 5. Let f = -17 + 12. Let o(q) = f*j(q) + 6*x(q). What is o(z)?
1
Suppose -3*j - 307*a + 10 = -311*a, 0 = 2*j - 2*a - 6. Let v(o) be the first derivative of -29 + 3/2*o**2 - 1/3*o**3 - j*o. Calculate v(3).
-2
Let d(p) = 2*p + 7. Suppose -2*j - 3*k = -32 - 3, 3*k + 90 = 3*j. Let l = -31 + j. Calculate d(l).
-5
Let x(r) = r**2 + 2*r. Let b be x(-2). Suppos